).
-7
Suppose -4 = -u, -2*l - 2*u = -3*u - 4. Let n(x) = -4*x + 6. What is n(l)?
-10
Let j(s) = s**3 + 6*s**2 + 5*s - 3. Let b(g) = g**2 + 5*g - 5. Let a be b(-5). Calculate j(a).
-3
Suppose 4*p + v = -v - 4, -6 = 5*p + 2*v. Let u(s) = -2*s**2 - 3*s - 2. Calculate u(p).
-4
Let v be (-2)/7 + (-27)/(-21). Let z be (1 + 3)/(2 - v). Suppose -f + 16 = -z*c, -2*c = f + c + 5. Let d(q) = -2*q**2 + 5*q + 4. Determine d(f).
-8
Let s(h) = 14*h**2 + 11. Let m(t) = t - 1. Let k(o) = -5*o**2 + 2*o - 6. Let l(g) = k(g) - 2*m(g). Let y = -2 + -1. Let u(p) = y*s(p) - 8*l(p). Determine u(-1).
-3
Let d = -36 + 33. Let o(h) = -h**3 - h**2 + 5*h + 3. Give o(d).
6
Let f(a) be the second derivative of a**5/20 + 5*a**4/12 - a**3 - 2*a**2 - a. Let s be 6/4 + (-3)/6 + -7. Determine f(s).
-4
Let b(j) = -6*j + 1. Let i = -10 + 5. Let z be (-18)/(-45)*i/(-2). Calculate b(z).
-5
Let d be 54/14 + 12/84. Let g(f) = 2*f**2 - 5*f - 3. Determine g(d).
9
Let k be 14/(-6)*(-3 - 0). Suppose k*j = 2*j + 5. Let q(c) = 2*c + 1 - c - 2*c + 2*c**2 - 4*c**2. Give q(j).
-2
Suppose 5*o = 3*o. Let v(h) be the first derivative of -h**5/60 - 7*h**3/6 + h**2 + 2. Let r(u) be the second derivative of v(u). Determine r(o).
-7
Let z(i) be the first derivative of -i**4/4 - 2*i**3 - 3*i**2 + 2*i - 1. Give z(-5).
7
Suppose -t - 2*o = 2, 5*t = o + 10 + 13. Let p(w) = -w**3 - 5 - 3*w**2 + 0*w + 5*w + 6*w**2. Calculate p(t).
-1
Suppose 0*o - 2*o + 2 = 0. Let d be 1/(-2)*(-25 + o). Suppose 0*c = -z - 2*c + d, 0 = 3*c - 15. Let q(s) = 5*s - 2. Determine q(z).
8
Let o(b) be the first derivative of -7*b**3/3 + b - 1. Let j be (3/(-2))/(3/(-6)). Let r be -1*j/(-2 + 5). Give o(r).
-6
Let j(x) = 5*x + 4. Let p(h) = 6*h + 3. Let f(g) = 7*j(g) - 6*p(g). Let q = -14 - -20. Give f(q).
4
Let q(v) = -3*v**3 - 5*v**2 + 7. Let h(o) = 16*o**3 + 25*o**2 - 36. Let s = 18 - 29. Let m(j) = s*q(j) - 2*h(j). Give m(-5).
-5
Let j(p) = 3*p - 2. Let a(o) be the first derivative of -1/2*o**2 - 3*o - 2. Let c be a(-6). What is j(c)?
7
Let u(d) = -1 - 3*d - 3*d + 2 + 4*d. Calculate u(1).
-1
Let v(c) = 8*c**2 - 6*c - 11. Let g(r) = 8*r**2 - 7*r - 12. Let t(p) = -6*g(p) + 7*v(p). Let k(m) = -m**2 + 1. Let d(h) = 4*k(h) + t(h). Determine d(1).
3
Let x = 11 + -6. Let j(s) = 3*s**2 + s + 4. Let r(a) = -8*a**2 - 4*a - 12. Let v(i) = 11*j(i) + 4*r(i). Calculate v(x).
-4
Let x(u) be the first derivative of -7*u**2/2 - 140. Suppose 4*a - 5*y = 4 + 2, 4*a + 2*y + 8 = 0. Give x(a).
7
Let w be (-68)/24 + 1/(-6). Let i be (-9)/((-9)/w) + -1. Let b(s) be the second derivative of -s**4/12 - s**3 - 5*s**2/2 - 3*s. Give b(i).
3
Suppose -5*a + 29 = -11. Let g(p) = 5*p**3 + 18*p**2 - 13*p + 15. Let z(s) = -2*s**3 - 6*s**2 + 4*s - 5. Let q(r) = a*z(r) + 3*g(r). What is q(4)?
9
Let v(p) = -8*p**2 + 1. Let k(x) = -2*x**2 - 7*x + 9. Let o(r) = r**2. Let f(m) = -k(m) - o(m). Let h be f(-8). Determine v(h).
-7
Suppose -4 = k - 0. Let a(l) = l**3 + 3*l**2 - 2*l + 2. Determine a(k).
-6
Let n = 10 - 9. Let p(i) = -3*i**3 - 2*i**2 + i. Calculate p(n).
-4
Let u(t) = t. Let h(s) = 3*s**2 - 9*s + 1. Let q(x) = -h(x) - 6*u(x). Suppose 2*r - 36 = -16*r. Give q(r).
-7
Let k(g) = -g**2 + g - 5. Let r be k(0). Let a(w) = -6*w**2 - w - 9. Let m(b) = b**2 + b + 1. Let d(s) = r*m(s) - a(s). What is d(3)?
1
Let d(o) = -o + 2 - o - 3. Let x be d(1). Let z(w) be the first derivative of -w**3/3 + w**2 + 4*w + 14. Calculate z(x).
-11
Let h(g) = 1 + 19*g - 10 - 14*g - 4*g. Give h(4).
-5
Let k(l) = l**2 + 13*l + 15. Let o be k(-12). Let u(m) = 0 - 1 - 4*m**o + 3*m**2 + 2*m + 5*m**3. Determine u(-3).
-7
Let b(a) = -a**3 - 5*a**2 - 2*a + 2. Let m(o) = -o**3 + 4*o**2 - 5*o + 4. Let i be m(3). Determine b(i).
-6
Let n(z) = -z**3 + 4*z**2 - z. Let m(c) = -2*c**3 + 7*c**2 - c + 1. Let s(w) = -3*m(w) + 5*n(w). Let d(v) = v - 2. Let r be d(5). Determine s(r).
9
Let j(x) = x**3 + 3*x**2 - 3*x - 32. Let t(z) = -z**3 - 4*z**2 + 4*z + 32. Let l(c) = -4*j(c) - 3*t(c). Determine l(0).
32
Suppose 0 = -4*o + 15 + 1. Let h = 2 - o. Let d(p) be the first derivative of p**4/4 + p**3 + p**2/2 - p - 1. Determine d(h).
1
Let i(r) = -r**2 - 7*r - 2. Let m be i(-6). Suppose -2*a - m = 2*a. Let o(w) = -2*w + 4*w + 2*w + 4*w. Give o(a).
-8
Let c(w) = 3*w**3 + 5*w**2 + 2*w - 14. Let r(a) = -a**3 - 3*a**2 - a + 7. Let g(l) = 2*c(l) + 5*r(l). Let d be (11/2 - 7)*10/(-3). Determine g(d).
2
Let t be -134*3/(-78) - 6/39. Let k(l) = l**3 - 4*l**2 - 5*l - 2. Determine k(t).
-2
Suppose -11 - 7 = -6*w. Suppose 2 = w*u + 14. Let k(d) = -d**3 - 6*d**2 - 6*d - 5. Give k(u).
-13
Let o(w) = 4*w + 20 - 41 + 13 + w. What is o(7)?
27
Let x(a) = a**3 - 8*a**2 + 6*a - 3. Let s(h) = -h**3 + 8*h**2 - 5*h + 4. Let m(p) = 3*s(p) + 4*x(p). What is m(7)?
14
Let v(w) = 17*w - 12*w - 7*w + 3. Let t = -1 + 3. What is v(t)?
-1
Let n(b) = 2*b + 9. Let w be (-54)/(-90) - (-43)/(-5). Determine n(w).
-7
Suppose a + 5*w = 4 - 1, -4*w - 36 = -4*a. Let j = a - 6. Let g(t) = -t**3 - t**2 + 2. Give g(j).
-10
Let t(z) = z**3 - 9*z**2 - z + 10. Let k = 36 - 27. Calculate t(k).
1
Suppose -n = h + 2*n - 1, -2*n = 6. Let b be ((-25)/15*-3)/1. Suppose 5*y - 12 = z + h, -b*y - 2*z = -16. Let o(c) = -c**3 + 3*c**2 + 2*c - 3. Calculate o(y).
-11
Let g(c) = -c - 2. Let v = -8 + 4. Let w be g(v). Let z(q) = -5*q + 6*q - w - 1. Calculate z(3).
0
Let i(k) = -3*k. Suppose -6*q = -2*q - 44. Let n be 2 - (1 + 0 + -3). Suppose 0 = -2*f - 0*f - s - 7, -3*s = -n*f + q. Determine i(f).
3
Let x(g) = -g**2 + 2*g + 1. Let m be x(3). Let a be (-1)/(((-4)/6)/m). Let y(i) = -i**2 - 6*i. Calculate y(a).
9
Suppose -2*m - 5*v - 6 = -v, 21 = 3*m - 4*v. Let k(h) = -2*h**2 + 4*h + 1. Calculate k(m).
-5
Let t(c) = 10*c - c + c + 6 + 0*c. Let z(g) = -2*g - 1. Let u(d) = 2*t(d) + 11*z(d). Calculate u(1).
-1
Let l(h) = h**3 + 7*h**2 + 7*h - 3. Suppose 3*o = 3*a + 9, -2*a - 4*o - 24 = -0*a. Determine l(a).
-9
Let c(o) = -o**3 + 3*o**2 + 4*o + 3. Let m = 133 - 129. Calculate c(m).
3
Let h(a) = -2*a - 1. Let x be (2/4)/(2/4). Suppose -4*j + x - 5 = 0. What is h(j)?
1
Let y(u) = u**3 - 2*u**2 - 3*u + 4. Let o = 17 - 12. Let b = o - 2. What is y(b)?
4
Let s(x) = 3*x + 5. Let f(d) = 4*d + 6. Let r(c) = -4*f(c) + 5*s(c). Let j be (-1)/3 + 144/108. Calculate r(j).
0
Let z = 6 + -4. Let n(g) = g**2 - 2*g. Let q be n(z). Let b(f) be the first derivative of -f**2/2 + 7*f + 2. Determine b(q).
7
Let b = 0 + 1. Let w(g) = -7*g**2 + 2*g - 1. Let c(i) = -7*i**2 + 2*i - 1. Let v(x) = 5*c(x) - 4*w(x). What is v(b)?
-6
Let c(b) = 5*b + 5 - 4*b + b. Determine c(-6).
-7
Let v(s) = -32*s - 20. Let c(j) = -11*j - 7. Let l(i) = -11*c(i) + 4*v(i). What is l(-2)?
11
Let q(n) = -2*n**2 - 3*n + 4*n**2 - 135 + 136. Give q(2).
3
Let z(m) = 6*m**2 - 6*m - 7*m**2 - 4*m**3 - 6 + 10*m**2 + 3*m**3. Give z(8).
10
Let j = 9 - -11. Let h = 14 - j. Let z(p) = p + 8. Give z(h).
2
Suppose 0 = 2*t + 8 - 0. Let z(g) = g**2 + 3*g - 5. Determine z(t).
-1
Let x = 1 + 0. Let w(d) = 4*d**2 - 5*d**2 - 1 - 3 + 5. Calculate w(x).
0
Let b(x) = x + 5. Let j be 2/(-1) + 0 + -10 + 3. Give b(j).
-4
Let k(u) = -2 + 8*u - 7*u**2 + 8*u**2 - 3*u. Give k(-6).
4
Let v(f) = f - 4 + 1 + 0 + 4. Calculate v(-1).
0
Let p(o) be the second derivative of -o**4/12 - o**3/6 + 7*o**2/2 - 10*o. What is p(0)?
7
Let a(t) = 2*t - 3. Let s be a(5). Let g(r) = r**2 - 8*r + 6. Let d be g(s). Let j(o) = -1 - 576*o**2 - 2*o + 1148*o**2 - 576*o**2. Calculate j(d).
-3
Suppose 5*n - 5*r - 55 = 0, -2*r + 1 = -n - 4*r. Let h = -5 + n. Let g(i) = i**2 + 1. Calculate g(h).
5
Suppose -5*w + 2*w + 6 = 0. Let a(s) = 2 - 3*s**2 + 7*s + 0*s**2 + 3*s**w + s**2. Determine a(-6).
-4
Let r be (-2)/(4 - 0)*2. Let g be 0 + (-2 - r)/1. Let x = g - 0. Let m(o) = 4*o**3 - o**2 - o. Determine m(x).
-4
Let z(l) = l**3 + 6*l**2 + 5*l + 6. Suppose -11 = y + 2*v, -3*v - 2 - 7 = 0. Give z(y).
6
Let f(g) = 7*g**3 - 9*g**2 + 12. Let c(j) = -j**3 + j**2 - j - 1. Let l(p) = -6*c(p) - f(p). Determine l(4).
2
Let z be (105/6)/(-5)*-2. Let p = 11 - z. Let s(f) = -f**3 - f - 1. Let t(w) = 3*w**3 - w**2 + 3*w + 3. Let y(v) = p*s(v) + t(v). Give y(0).
-1
Let j(l) be the first derivative of 13*l**4/4 - l**3/3 + l + 3. Calculate j(1).
13
Let k = 26 + -32. Let v(q) = q - 2 + 2 + 3. Determine v(k).
-3
Let n(x) = -x + 4. Let b(s) = -s**3 - 13*s**2 + s + 9. Let y be b(-13). What is n(y)?
8
